What is the remainder when 20 is divided by z?
6
Suppose 0 = -3*j + j - 70. Calculate the remainder when 33 is divided by ((-30)/j)/(2/28).
9
Let b(p) = -5*p - 6. Let s(n) = -6*n - 7. Let j(m) = -7*b(m) + 6*s(m). What is the remainder when j(-1) is divided by 1?
0
Let w be 5/2 + (-1)/2. Suppose 0 = i - w*d - 47, -45 = 4*i + 3*d - 211. Suppose -41 + 116 = 5*q. What is the remainder when i is divided by q?
13
Suppose -l + 3*p - 26 = 0, 4*p - 62 - 24 = 5*l. Let q = l + 42. Calculate the remainder when q is divided by 10.
8
Let m(k) = -4*k + 1. Suppose -2*d - 38 = -2*n, -n = -4*n + d + 47. Calculate the remainder when n is divided by m(-1).
4
Let k = -10 - -13. What is the remainder when k is divided by 3?
0
Suppose 9 = -4*s + s. What is the remainder when (-6)/s + -3 - -19 is divided by 10?
8
Let w(n) = n + 9. What is the remainder when 49 is divided by w(4)?
10
Let q(j) = -j**2 + 8*j + 13. Calculate the remainder when 25 is divided by q(9).
1
Let c(o) = o + 33. Let r(l) = l - 4. Let s be r(4). Let x be c(s). Suppose 5*h + x = 153. What is the remainder when 71 is divided by h?
23
What is the remainder when 5/((-27)/(-36)*(-2)/(-18)) is divided by 16?
12
Suppose 50 = 5*x + 5*f + 645, -x = 3*f + 123. Let k = -52 - x. Calculate the remainder when k is divided by 22.
21
Suppose -60 = -7*g + 3*g. What is the remainder when g is divided by (-3)/((-3)/(-2) - 0) + 8?
3
Suppose 0 = 2*v, 5*q + v = -2*v. Suppose -i = -x + 60, 4*x - x + 3*i - 156 = q. Calculate the remainder when x is divided by 19.
18
Let l = 55 - 13. What is the remainder when l is divided by 15?
12
Calculate the remainder when (2 - 3 - 1) + 38 is divided by 19.
17
Let o(g) = -g**3 + 4*g**2 + 6*g + 24. Let f(d) = -d**2 - d - 1. Let w(q) = 5*f(q) + o(q). What is the remainder when 36 is divided by w(0)?
17
Let i be 12/(-10)*(-60)/(-18). Let v = i - -7. Calculate the remainder when v is divided by 2.
1
Let t = -19 - -21. Let f(i) = -i**3 - i**2 + i + 1. Let a be f(-2). Suppose y - 17 = -3*g, -g + a = t*g. Calculate the remainder when 26 is divided by y.
12
Let p be (-6)/21 + (-5)/7. Let q be p*1*(19 + 3). What is the remainder when 3/((-1)/q*2) is divided by 17?
16
Let g be (0 + (-3)/2)*-20. Suppose 4*p + g = 7*p. What is the remainder when 17 is divided by p?
7
Let w(b) = -b**2 + b + 8. Let i be w(0). What is the remainder when 53 is divided by (-2)/i*760/(-10)?
15
Let x(a) = 4*a**3 - 3*a**2 + 1. Suppose 5*s = 15*s - 610. Calculate the remainder when s is divided by x(2).
19
Suppose -2*w - 5*z = -95, w + 3*z - 58 = 4*z. Suppose -2*x + w = -x. Suppose 4*k - 3*f - 67 = 0, -3*f + 15 = 2*f. What is the remainder when x is divided by k?
17
Let h(w) = -8*w**3 - 2. Suppose 4*z = 3*i - 10, 5*z + 3 - 6 = -4*i. Calculate the remainder when h(-2) is divided by 22 - ((-4)/(-2) + z).
20
Let v be 16/20*(3 + 2). Suppose 4*i + 110 = 5*m, 3*m + v*i - 34 = -0*m. What is the remainder when m is divided by 10?
8
Let v = 13 + -30. Let h = 28 + v. Calculate the remainder when 31 is divided by h.
9
Let r = -59 + 98. What is the remainder when r is divided by 14?
11
Let k = 7 + -10. What is the remainder when 18 is divided by k*((-39)/9 - -2)?
4
Suppose -2*y = 2*y - 36. Calculate the remainder when 26 is divided by y.
8
Let n be (1 - 2) + -3*3. Calculate the remainder when (0 - 2)*215/n is divided by (60/16)/((-2)/(-8)).
13
Let o(c) = 2*c**2 + 10*c. What is the remainder when o(5) is divided by 34?
32
Let s = 0 + 9. Let c be 103/3 + 6/s. Let a = c + -22. Calculate the remainder when 24 is divided by a.
11
Let u(b) = 2*b**2 + 1. Let m be u(-1). Suppose -z + 84 = 2*v, -m*z - v - v = -244. Suppose 5*d - z = 105. What is the remainder when d is divided by 13?
11
Suppose 3*o - 18 = -3*p, 0 = -2*p - 0*o + 2*o + 8. Suppose p*u = u + 100. What is the remainder when u is divided by 14?
11
Let z = -90 + 136. Suppose -4*r + z = 2*d, 0*r - 2*d - 50 = -4*r. What is the remainder when 22 is divided by r?
10
Calculate the remainder when ((-25)/3)/((-14)/42) is divided by 13.
12
Suppose 3*x = -0*x - 3*j + 15, 2*x + 2 = 4*j. Suppose -42 = -4*k + 2*y, x*k - 5*k + 3*y = -27. Calculate the remainder when k is divided by 3.
0
Suppose -2*l - 6 = 3*b, 2*b + 0*b = -3*l + 1. Calculate the remainder when 7 is divided by l.
1
What is the remainder when (2448/90)/((-4)/(-10)) is divided by 23?
22
Let j(b) = b**2 + 4*b. Suppose 19 = -4*z - 5. What is the remainder when 23 is divided by j(z)?
11
Suppose 0 = 7*x - 261 + 93. Suppose q = 5*g + 54, 216 = 5*q - q + 2*g. Let d = q - -16. What is the remainder when d is divided by x?
22
Let a(z) = 4*z**3 + 5*z - 9. Calculate the remainder when a(3) is divided by 29.
27
Let c be -8 + 2 + (0 - 0). Suppose -4*l - 27 = -5*l. What is the remainder when l is divided by (c/(-4))/(3/28)?
13
Suppose 4*a + 29 = 161. Calculate the remainder when a is divided by ((-2)/4)/(1/(-24)).
9
Let t(m) = m + 9. Let c be t(-7). Calculate the remainder when 39 is divided by 20 + (-2 - -5 - c).
18
Let c(l) = -l**3 + l + 1. Calculate the remainder when 6/4 - 66/(-4) is divided by c(-2).
4
Let y = -18 - -11. Let f = -15 - y. Calculate the remainder when 2 is divided by 5/2 - (-4)/f.
0
Let k(q) = 2*q + 6. Let s be k(6). Suppose -u + s = 2*u. What is the remainder when 21 is divided by u?
3
Suppose 0 = -5*a - 5, -4*z - 2*a = -8*z + 46. What is the remainder when 28 is divided by z?
6
Suppose 3*i - 5*i = 0. Suppose i = -0*f - f. Suppose f = 2*t - 5*z - 22, 0 = -3*z - 1 + 7. What is the remainder when 30 is divided by t?
14
Let b = -15 + 10. Let l(n) = -n**2 - 7*n + 3. Calculate the remainder when 49 is divided by l(b).
10
Let i(f) = -18*f - 1. Calculate the remainder when i(-2) is divided by 12.
11
Let i = -99 - -166. Calculate the remainder when i is divided by 10.
7
Let b(v) = -41*v**3 - v. Let g be b(-1). What is the remainder when 15 is divided by 13/3 + (-14)/g?
3
Suppose -6 = -o + 7. Suppose -19*f - 100 = -23*f. What is the remainder when f is divided by o?
12
Let g = 5 - -5. What is the remainder when g is divided by 2?
0
Let l(v) = v**3 + 11*v**2 + 15. Let u(s) = s + 9. Let q be u(-9). Suppose 2*h - 3*h - 11 = q. What is the remainder when l(h) is divided by 8?
7
Suppose -2*u + 109 = z, 36 = 2*u - 2*z - 64. Suppose -4*p = -23 - u. Calculate the remainder when p is divided by 7.
5
Suppose -4*r - 5*z = -19, 0*r + 4*z - 13 = -3*r. Let i = 18 - r. Let a = 23 + i. Calculate the remainder when a is divided by 16.
14
Suppose 5*y + 2*w - 133 = 0, 6*y - 10*y - w + 104 = 0. Suppose -7*o = -2*o - 4*j - y, -o - 6 = -3*j. What is the remainder when 25 is divided by o?
7
Let w(a) = a**3 + 11*a**2 + 10*a - 13. What is the remainder when w(-9) is divided by 10?
9
Let y(j) = 5*j**3 - j**2 - j. Let p be y(-1). Let t = 3 - p. What is the remainder when 13 is divided by t?
5
Suppose 0 = v - 5, c - 4*v + 28 = -3*c. Let w = 23 - 11. What is the remainder when (-1)/(c/40) + 2 is divided by w?
10
Suppose -11*g + 7*g = -216. Calculate the remainder when g is divided by 14.
12
Let t be 52/14 + (-10)/(-35). Suppose 4*m = -o - 14, 13 = -2*o - t*m - 3. Let q = 6 + o. Calculate the remainder when q is divided by 2.
0
Let h = 18 + -15. Calculate the remainder when ((-70)/(-15))/(4/6) is divided by h.
1
Let d(g) = 3*g**2 + 10. What is the remainder when d(4) is divided by 20?
18
Let t(a) = 5*a - 7. Let c be t(6). Suppose -63 = -3*m - 2*k + c, 0 = 4*m + 2*k - 114. Calculate the remainder when m is divided by (-1 - 0)*1*-15.
13
Suppose -3*f + 59 = 4*q, 3*f + 2*q - 49 = -0*q. Let j(y) = -7*y + 3. Calculate the remainder when j(-3) is divided by f.
11
Suppose 19 = -3*x - 95. Let n = x - -63. Calculate the remainder when n is divided by 3 + (-7)/(28/(-40)).
12
Calculate the remainder when (-423)/(-27) + 8/6 is divided by 8.
1
Suppose -y + 0 = -1. Let t be 8/(-6)*y*6. What is the remainder when 13 is divided by ((-3)/3 - t)/1?
6
Let j = -26 + 40. Let f = 1 - 3. Calculate the remainder when (-1)/(f*1/82) is divided by j.
13
Let o(z) be the third derivative of -z**4/24 + 23*z**3/6 - 7*z**2. Calculate the remainder when o(0) is divided by 12.
11
Suppose 0 = -35*u + 26*u + 252. Let p(s) = s**3 + 6*s**2 + 4*s + 3. What is the remainder when u is divided by p(-5)?
4
Let v(r) = 3*r**2 + 2*r - 1. Let s(u) = 2*u**2 + 3*u - 2. Let g(z) = -2*s(z) + 3*v(z). Calcula